{"id":7,"date":"2015-05-19T18:02:00","date_gmt":"2015-05-19T17:02:00","guid":{"rendered":"http:\/\/207.253.81.50\/occasions\/index.php\/ad-listings\/"},"modified":"2019-03-14T11:16:33","modified_gmt":"2019-03-14T15:16:33","slug":"ad-listings","status":"publish","type":"page","link":"https:\/\/www.tedpublications.com\/occasions\/","title":{"rendered":"Recherche"},"content":{"rendered":"<div id=\"pl-7\"  class=\"panel-layout\" ><div id=\"pg-7-0\"  class=\"panel-grid panel-no-style\" ><div id=\"pgc-7-0-0\"  class=\"panel-grid-cell\" ><div id=\"panel-7-0-0-0\" class=\"so-panel widget widget_sow-editor panel-first-child panel-last-child\" data-index=\"0\" ><div\n\t\t\t\n\t\t\tclass=\"so-widget-sow-editor so-widget-sow-editor-base\"\n\t\t\t\n\t\t>\n<div class=\"siteorigin-widget-tinymce textwidget\">\n\t<script>\/* <![CDATA[ *\/var typedStrings = [\"d'annonces class\\u00e9es Audio\\\/Vid\\u00e9o\"]\/* ]]> *\/<\/script>\n\t\t<div class=\"searchbar-shortcode row column\">\n\t\t\t<div class=\"column\">\n\t\t\t\t<form method=\"get\" class=\"search-form\" action=\"https:\/\/www.tedpublications.com\/occasions\/annonces\/\" role=\"search\">\n\n\t<div class=\"row\">\n\n\t\t<div class=\"search-keywords-wrap medium-4 columns\">\n\t\t\t<input name=\"s\" type=\"search\" id=\"search_keywords\" class=\"search_keywords\" value=\"\" placeholder=\"Que cherchez-vous?\" \/>\n\t\t<\/div>\n\n\t\t\n\t\t\t<div class=\"search-location-wrap medium-3 columns\">\n\t\t\t\t<input type=\"text\" value=\"\" name=\"location\" id=\"search_location\" class=\"search_location app-address-field\" placeholder=\"Localisation\" autocomplete=\"off\">\n\t\t\t<\/div><!-- .search-location-wrap -->\n\n\t\t\n\t\t<div class=\"search-category-wrap medium-3 columns\">\n\t\t\t<select  name='scat' id='scat' class='searchbar'  tabindex=\"2\">\n\t<option value='0' selected='selected'>Toutes cat\u00e9gories<\/option>\n\t<option class=\"level-0\" value=\"43\">Accessoires<\/option>\n\t<option class=\"level-0\" value=\"46\">Accessoires, articles de peaufinage<\/option>\n\t<option class=\"level-0\" value=\"45\">Accessoires, meubles audiovisuels<\/option>\n\t<option class=\"level-0\" value=\"44\">Accessoires, tubes<\/option>\n\t<option class=\"level-0\" value=\"13\">Amplificateurs<\/option>\n\t<option class=\"level-0\" value=\"16\">Amplificateurs, hybrides<\/option>\n\t<option class=\"level-0\" value=\"15\">Amplificateurs, transistors<\/option>\n\t<option class=\"level-0\" value=\"14\">Amplificateurs, tubes<\/option>\n\t<option class=\"level-0\" value=\"30\">C\u00e2bles<\/option>\n\t<option class=\"level-0\" value=\"32\">C\u00e2bles, enceintes<\/option>\n\t<option class=\"level-0\" value=\"34\">C\u00e2bles, HDMI<\/option>\n\t<option class=\"level-0\" value=\"31\">C\u00e2bles, liaison<\/option>\n\t<option class=\"level-0\" value=\"33\">C\u00e2bles, num\u00e9riques<\/option>\n\t<option class=\"level-0\" value=\"25\">Cin\u00e9ma maison<\/option>\n\t<option class=\"level-0\" value=\"798\">Cin\u00e9ma maison<\/option>\n\t<option class=\"level-0\" value=\"28\">Cin\u00e9ma maison, caisson des graves<\/option>\n\t<option class=\"level-0\" value=\"26\">Cin\u00e9ma maison, processeurs<\/option>\n\t<option class=\"level-0\" value=\"29\">Cin\u00e9ma maison, projecteurs<\/option>\n\t<option class=\"level-0\" value=\"27\">Cin\u00e9ma maison, r\u00e9cepteurs<\/option>\n\t<option class=\"level-0\" value=\"2\">Divers<\/option>\n\t<option class=\"level-0\" value=\"51\">Divers, autres type de produit<\/option>\n\t<option class=\"level-0\" value=\"49\">Divers, \u00e9galisateurs<\/option>\n\t<option class=\"level-0\" value=\"50\">Divers, r\u00e9cepteurs<\/option>\n\t<option class=\"level-0\" value=\"48\">Divers, syntoniseurs<\/option>\n\t<option class=\"level-0\" value=\"57\">DVD \u2022 Blu-ray<\/option>\n\t<option class=\"level-0\" value=\"21\">Enceintes<\/option>\n\t<option class=\"level-0\" value=\"23\">Enceintes, \u00e0 large bande<\/option>\n\t<option class=\"level-0\" value=\"22\">Enceintes, moniteur<\/option>\n\t<option class=\"level-0\" value=\"24\">Enceintes, panneaux \u00e9lectroacoustiques<\/option>\n\t<option class=\"level-0\" value=\"797\">Hi-FI<\/option>\n\t<option class=\"level-0\" value=\"17\">Int\u00e9gr\u00e9s<\/option>\n\t<option class=\"level-0\" value=\"20\">Int\u00e9gr\u00e9s, hybrides<\/option>\n\t<option class=\"level-0\" value=\"19\">Int\u00e9gr\u00e9s, transistors<\/option>\n\t<option class=\"level-0\" value=\"18\">Int\u00e9gr\u00e9s, tubes<\/option>\n\t<option class=\"level-0\" value=\"35\">Lecteurs CD<\/option>\n\t<option class=\"level-0\" value=\"36\">Lecteurs CD, CD<\/option>\n\t<option class=\"level-0\" value=\"38\">Lecteurs CD, DAC<\/option>\n\t<option class=\"level-0\" value=\"37\">Lecteurs CD, transport<\/option>\n\t<option class=\"level-0\" value=\"47\">March\u00e9 DIY<\/option>\n\t<option class=\"level-0\" value=\"53\">Musique<\/option>\n\t<option class=\"level-0\" value=\"55\">Musique, CDs<\/option>\n\t<option class=\"level-0\" value=\"54\">Musique, LPs<\/option>\n\t<option class=\"level-0\" value=\"56\">Musique, SACD<\/option>\n\t<option class=\"level-0\" value=\"40\">Platine, tourne-disque<\/option>\n\t<option class=\"level-0\" value=\"39\">Platines<\/option>\n\t<option class=\"level-0\" value=\"41\">Platines, bras de lectures<\/option>\n\t<option class=\"level-0\" value=\"42\">Platines, cellules<\/option>\n\t<option class=\"level-0\" value=\"677\">Pr\u00e9amplis<\/option>\n\t<option class=\"level-0\" value=\"12\">Pr\u00e9amplis, phonos<\/option>\n\t<option class=\"level-0\" value=\"11\">Pr\u00e9amplis, transistors<\/option>\n\t<option class=\"level-0\" value=\"10\">Pr\u00e9amplis, tubes<\/option>\n\t<option class=\"level-0\" value=\"58\">Recherch\u00e9<\/option>\n\t<option class=\"level-0\" value=\"796\">Syst\u00e8me complet<\/option>\n\t<option class=\"level-0\" value=\"52\">Vintage<\/option>\n\t<option class=\"level-0\" value=\"921\">Vinyles, CD (NOUVEAU)<\/option>\n<\/select>\n\t\t<\/div>\n\n\t\t<div class=\"search-button-wrap medium-2 columns\">\n\t\t\t<button type=\"submit\" class=\"button expanded\">\n\t\t\t\t<i class=\"fa fa-search\" aria-hidden=\"true\"><\/i>\n\t\t\t\tRechercher\t\t\t<\/button>\n\t\t<\/div>\n\t\t\n\t\t<input type=\"hidden\" name=\"lat\" value=\"0\">\n\t\t<input type=\"hidden\" name=\"lng\" value=\"0\">\n\t\t<input type=\"hidden\" name=\"radius\" value=\"\">\n\t\t<input type=\"hidden\" name=\"st\" value=\"ad_listing\">\n\n\t<\/div> <!-- .row -->\n\n<\/form>\n\t\t\t<\/div>\n\t\t<\/div>\n\t\t\n<\/div>\n<\/div><\/div><\/div><\/div><\/div>","protected":false},"excerpt":{"rendered":"<p>Toutes cat\u00e9gories Accessoires Accessoires, articles de peaufinage Accessoires, meubles audiovisuels Accessoires, tubes Amplificateurs Amplificateurs, hybrides Amplificateurs, transistors Amplificateurs, tubes C\u00e2bles C\u00e2bles, enceintes C\u00e2bles, HDMI C\u00e2bles, liaison C\u00e2bles, num\u00e9riques Cin\u00e9ma maison Cin\u00e9ma maison Cin\u00e9ma maison, caisson des graves Cin\u00e9ma maison, processeurs Cin\u00e9ma maison, projecteurs Cin\u00e9ma maison, r\u00e9cepteurs Divers Divers, autres type de produit Divers, \u00e9galisateurs Divers, [&hellip;]<\/p>\n","protected":false},"author":1,"featured_media":122332,"parent":0,"menu_order":0,"comment_status":"open","ping_status":"open","template":"tpl-ads-home.php","meta":[],"_links":{"self":[{"href":"https:\/\/www.tedpublications.com\/occasions\/wp-json\/wp\/v2\/pages\/7"}],"collection":[{"href":"https:\/\/www.tedpublications.com\/occasions\/wp-json\/wp\/v2\/pages"}],"about":[{"href":"https:\/\/www.tedpublications.com\/occasions\/wp-json\/wp\/v2\/types\/page"}],"author":[{"embeddable":true,"href":"https:\/\/www.tedpublications.com\/occasions\/wp-json\/wp\/v2\/users\/1"}],"replies":[{"embeddable":true,"href":"https:\/\/www.tedpublications.com\/occasions\/wp-json\/wp\/v2\/comments?post=7"}],"version-history":[{"count":3,"href":"https:\/\/www.tedpublications.com\/occasions\/wp-json\/wp\/v2\/pages\/7\/revisions"}],"predecessor-version":[{"id":122333,"href":"https:\/\/www.tedpublications.com\/occasions\/wp-json\/wp\/v2\/pages\/7\/revisions\/122333"}],"wp:featuredmedia":[{"embeddable":true,"href":"https:\/\/www.tedpublications.com\/occasions\/wp-json\/wp\/v2\/media\/122332"}],"wp:attachment":[{"href":"https:\/\/www.tedpublications.com\/occasions\/wp-json\/wp\/v2\/media?parent=7"}],"curies":[{"name":"wp","href":"https:\/\/api.w.org\/{rel}","templated":true}]}}